, -4 = -t + 1. Let s(u) be the first derivative of u**4/4 - 2*u**3 - u - 1. Let a be s(9). What is the greatest common divisor of a and g?
22
Suppose -12*y = -18*y + 306. Calculate the highest common divisor of 119 and y.
17
Let k be ((-6)/(-10))/(2/50). What is the highest common factor of 60 and k?
15
Let l be (-14)/(-21)*3/2. Suppose 3 = 2*z - l. Suppose -2*y - h = -2, -z*y + 4*h = 2*y - 4. Calculate the greatest common divisor of y and 1.
1
Let d be 9/2 + 2/4. Suppose 4*k - k - 64 = 5*p, -2*p = -d*k + 113. Calculate the greatest common factor of k and 115.
23
Let f = -19 - -31. Suppose -3*o = 3 - f. Suppose 2*h = d + 3, -5*d + 5*h = o*h - 1. What is the greatest common factor of 7 and d?
1
Suppose 0*n = -5*n + 550. Calculate the highest common factor of n and 10.
10
Suppose 0 = 2*u + 3*u + 5. Let b = 5 - u. Suppose -5*l = -3*t + 7, 2*t + 3*l - 1 = 29. Calculate the greatest common factor of t and b.
3
Suppose 42*q - 46*q = -176. Calculate the highest common factor of 11 and q.
11
Let b = -6 - -9. Suppose -4*d = -b*d - 121. Let t = 4 + 7. What is the highest common factor of t and d?
11
Let b = 220 - 120. What is the highest common factor of 40 and b?
20
Let a(k) = 0*k - 7 + 3*k + k. Let m be a(6). Let g(l) = -36*l - 2. Let o be g(-1). What is the greatest common factor of m and o?
17
Suppose -5*z = -2*g - 48, 8 = 4*z - 3*g - 36. Calculate the greatest common divisor of 56 and z.
8
Suppose 3 = -w - 0, 0 = 2*p + 4*w - 18. Calculate the greatest common divisor of 105 and p.
15
Let f = -4 - -5. Let v be (-1 - f)/((-14)/21). Suppose 0 = 5*t + y - v*y - 56, 4*y + 12 = 0. Calculate the greatest common factor of t and 80.
10
Suppose 0 = -4*k + 3*h + 12, -5*k + h + 8 = -h. Suppose 4 = t - k. Suppose -t*l + 101 = -35. Calculate the greatest common divisor of 51 and l.
17
Let j = 7 - 9. Let d(x) = -x**3 + 2*x**2 + 4*x + 2. Let b be d(j). Calculate the highest common divisor of b and 80.
10
Suppose -35 - 15 = -2*t. What is the greatest common divisor of 275 and t?
25
Let w be (-32)/(-1) - (-5 + -3 + 7). Calculate the highest common factor of w and 33.
33
Let i be -3 + -5 + 4 + 6. Suppose -i*f - 2*f + 12 = s, 0 = s - 3*f + 2. What is the greatest common divisor of 16 and s?
4
Suppose 2*x + 8 = 38. Suppose -4*y = -45 - 495. What is the highest common factor of x and y?
15
Let q = 0 - -190. Let l = q - 37. What is the highest common divisor of 17 and l?
17
Suppose y - 6*y + 150 = 0. Calculate the highest common divisor of y and 12.
6
Let b = 71 - 105. Let s = b - -40. Suppose -3*a + 2*d + 52 = 3*d, -44 = -3*a - 5*d. What is the highest common factor of a and s?
6
Let m = 45 + -34. Calculate the greatest common factor of 143 and m.
11
Let c be ((-4)/(-6))/((-12)/(-126)). Let j = c + -4. Suppose j*a = -a + 336. Calculate the highest common factor of 12 and a.
12
Let y(s) = -s + 8. Let d be y(4). Calculate the greatest common divisor of 10 and d.
2
Let t(c) = -c**3 - 6*c**2 + 7*c + 7. Let p be t(-7). Let s = -15 + 11. Let m = 3 - s. What is the highest common divisor of p and m?
7
Let l(o) = 14*o + 10. Let v be l(3). What is the highest common divisor of v and 13?
13
Let z(n) = n**3 + 3*n**2 - 24*n. Let c be z(-6). What is the highest common divisor of 4 and c?
4
Suppose 5*l = 3*l + 68. What is the greatest common divisor of 17 and l?
17
Suppose 4 + 3 = t. Let m be ((-18)/t)/((-3)/14). What is the highest common divisor of m and 4?
4
Let g = 10 + -5. Suppose g = j + 4*j. Suppose -3*y = -2*y - 9. Calculate the greatest common factor of j and y.
1
Let l be (27 - 23) + (1 - -45). What is the highest common divisor of l and 70?
10
Suppose w + 7 = 4*h - 8, -5*h + 40 = 3*w. Suppose n + 3*t = -5, 0 = 3*n - 5*n - 3*t + w. Calculate the greatest common divisor of 10 and n.
10
Suppose -5*j = 7 - 77. Let f = -4 + j. Let s be (-12)/(-8)*(-30)/(-9). What is the greatest common factor of s and f?
5
Let n(q) = q + 1. Suppose 3*g - c - 17 = -2*c, 6 = -g + 2*c. Let t be n(g). Calculate the highest common divisor of t and 55.
5
Let x(b) = b**3 + 6*b**2 + 6*b + 5. Let o be x(-4). Let z be 2*2*o/4. Suppose -3*r = -4*r + z. What is the greatest common divisor of 130 and r?
13
Let b(y) = 2*y**2 - 28*y + 19. Let h be b(19). Calculate the greatest common factor of 19 and h.
19
Let q = 21 - -51. Let l(f) = -f**2 + 19*f - 24. Let b be l(15). Calculate the highest common factor of b and q.
36
Suppose -i - 4*m = 3*i - 16, 2*i = 4*m + 32. What is the greatest common factor of i and 4?
4
Let u = -22 + 26. Let s = 8 + -2. Let k be u/s - 74/(-6). What is the greatest common divisor of 91 and k?
13
Let n be 3*-1*(2 + 84/(-9)). What is the highest common divisor of n and 33?
11
Let g(q) = q - 1. Let c be g(4). Suppose 0 = -4*i + c*i - 338. Let m be 5/(-15) + i/(-6). What is the greatest common divisor of m and 8?
8
Let f(d) = -d - 6. Let g be f(-6). Suppose -z + 48 = -g*z. Suppose q = 5*q - z. Calculate the highest common divisor of q and 6.
6
Suppose -5*g - 3*m = -1088, 4*g + 2*m + 3*m = 873. Let k = g - 152. Calculate the greatest common divisor of 26 and k.
13
Suppose 0 = u - 3, u - 147 = -2*t. Let j be 80/4*-1 - -2. Let b = j - -26. Calculate the highest common factor of b and t.
8
Suppose 70 = 2*s + 3*s. Let y(j) = -j - 4. Let d be y(-7). Let q(g) = 2*g**2 + g. Let r be q(d). Calculate the highest common divisor of s and r.
7
Let w be ((-154)/(-4))/(12/24). What is the highest common factor of w and 7?
7
Let w be 6 + 9/(-3) + 173. Suppose 5*i - 2*h = -770, -i = 4*h - 0*h + w. Let y be (7/21)/((-2)/i). What is the greatest common factor of 13 and y?
13
Suppose -2*l + 4 = -26. Suppose -2*q - z - z = -46, 5*z = l. What is the highest common divisor of q and 60?
20
Suppose 6 = u - 3*u. Let w be (-2 - u) + 2*4. What is the highest common divisor of 9 and w?
9
Let n(i) = 5*i**2 - 2*i - 3. Let a be n(-2). Suppose 0 = -3*p + a + 15. Let f = 40 - 37. Calculate the greatest common factor of p and f.
3
Let k = 135 + -123. Let r be (-215)/(-2) + 2/4. Calculate the highest common factor of r and k.
12
Let h be (-5)/1*((-102)/10)/1. What is the greatest common divisor of 561 and h?
51
Let f(l) = 5*l**2 - 2*l. Let o be f(-1). What is the greatest common divisor of o and 70?
7
Suppose 4*t - 6 - 18 = 0. Let k be ((-3)/t)/((-1)/110). Calculate the highest common factor of k and 11.
11
Let h = 262 + 74. Calculate the greatest common factor of h and 48.
48
Suppose g + 3*n = 8*n - 16, -g - 5*n + 34 = 0. Let v be ((-12)/g + 0)*-3. Calculate the highest common divisor of 8 and v.
4
Let n(o) = o**3 - 10*o**2 - 7*o + 4. Let p be n(11). Calculate the greatest common factor of p and 32.
16
Suppose -5*u = -4*r - 412, -5*r + 126 = 5*u - 259. Suppose -10*l - 40 = -14*l. What is the greatest common divisor of l and u?
10
Let w(v) = 24*v**2 - 3*v - 7. Let c be w(3). What is the greatest common factor of c and 25?
25
Suppose -g + d + 161 = -0*g, -4*g + d = -656. What is the greatest common factor of 15 and g?
15
Suppose -5*s = -10*s + 70. What is the highest common factor of s and 98?
14
Let f(r) = 7*r**2 + 2*r + 3. Let g be f(3). Calculate the greatest common factor of 9 and g.
9
Let l(k) = 3*k - 11. Let w be l(4). Calculate the highest common factor of 9 and w.
1
Let a = 783 + -398. Suppose -4*u - 193 = -2*d - u, 4*d = 5*u + a. Calculate the greatest common divisor of 19 and d.
19
Let s = -31 - -79. What is the greatest common factor of 120 and s?
24
Suppose -3 = -z + 3. Suppose -5*j + z = -4. Let g be (j/4)/(1/8). Calculate the highest common divisor of g and 16.
4
Suppose a = -a + 6. Suppose 0 = a*w - 16 - 182. What is the greatest common divisor of 6 and w?
6
Suppose -20*r + 175 = -15*r. What is the greatest common divisor of 7 and r?
7
Let p(o) = -111*o + 7. Let f be p(-3). What is the greatest common divisor of f and 34?
34
Let t be 5 - (0 - -3) - -16. Suppose v + 1 + 3 = 0. Let s be -3*(-2)/v*-30. Calculate the greatest common factor of t and s.
9
Suppose 0 = -2*v - 2*v - 4. Let w be 14/3 - 15/9. Let g be (242 - v)/w - 1. Calculate the highest common divisor of g and 32.
16
Let x(c) = c**3 + 5*c**2 - 4*c - 6. Let y be x(-5). What is the highest common divisor of 35 and y?
7
Suppose -14 = -3*g + 4. Let d(o) = -o**3 + 5*o**2 + 8*o - 5. Let t be d(g). Suppose -i + t + 4 = 0. Calculate the greatest common div